-4)?
-862
Let t(j) = -j**3 + 11*j**2 - 13*j + 266. Calculate t(12).
-34
Let m(j) = j**3 - 12*j**2 + 12*j - 16. Calculate m(10).
-96
Let b(f) = -1658*f + 9902. Determine b(6).
-46
Let n(b) = b**2 - 27*b - 7. What is n(16)?
-183
Let m(g) = 14*g**2 + 674*g + 94. Calculate m(-48).
-2
Let m(k) = -74*k + 4874. What is m(66)?
-10
Let k(z) = -349*z + 2747. Calculate k(8).
-45
Let d(i) = 54*i**2 - 1561*i - 136. Determine d(29).
9
Let k(i) = -7*i**3 + 46*i**2 + 27*i + 4. What is k(7)?
46
Let n(h) = -h**3 - 6*h**2 - 11*h - 361. Determine n(-10).
149
Let k(s) = -s**3 + 24*s**2 - 27*s - 84. What is k(23)?
-176
Let p(z) = -19*z + 299. Calculate p(10).
109
Let i(d) = -d**2 + 35*d + 2771. Give i(-38).
-3
Let m(v) = -361*v - 1429. Determine m(-4).
15
Let a(l) = -5*l**2 - 9*l + 36. What is a(5)?
-134
Let w(o) = -o**2 + 29*o. Determine w(-2).
-62
Let f(w) = 28*w**3 + 194*w**2 - 8*w + 8. Calculate f(-7).
-34
Let i(h) = 27*h**2 - 211*h - 42. Give i(8).
-2
Let p(j) = -2*j**3 + 21*j**2 + 40*j - 29. Give p(12).
19
Let g(r) = -82*r + 240. Give g(6).
-252
Let r(u) = 2*u**2 + 54*u + 194. Determine r(-4).
10
Let a(h) = 11*h**3 + 80*h**2 + 17*h + 13. Calculate a(-7).
41
Let l(j) = j**3 - 29*j**2 + 78*j + 17. Calculate l(26).
17
Let z(i) = -2*i**2 + 8*i + 672. Give z(0).
672
Let f(z) = 2*z**3 - 18*z**2 - 44*z + 192. What is f(10)?
-48
Let k(j) = 25*j - 1237. Determine k(44).
-137
Let l(s) = 5*s**2 + 38*s - 287. Calculate l(6).
121
Let t(w) = -w**2 - 71*w + 307. What is t(4)?
7
Let d(f) = -66*f**2 + 73*f - 75. What is d(1)?
-68
Let h(s) = -1641*s - 11472. Calculate h(-7).
15
Let s(w) = 2433*w - 36502. Determine s(15).
-7
Let w(c) = 4*c**2 + 246*c + 5. What is w(-61)?
-117
Let t(w) = 3*w**3 + 19*w**2 - 2*w + 1. What is t(-5)?
111
Let b(g) = 2*g**2 + 17*g + 8. Calculate b(-13).
125
Let v(h) = -h**3 - 11*h**2 - 15*h - 186. Give v(-11).
-21
Let d(s) = -647*s + 4019. Give d(6).
137
Let u(k) = 4*k**2 - k - 20. What is u(-6)?
130
Let a(o) = -2*o**3 + 44*o**2 - o + 20. Give a(22).
-2
Let d(f) = 5*f**2 - 35*f - 159. Determine d(-3).
-9
Let t(r) = -r**2 - 8*r - 9. Determine t(-6).
3
Let h(x) = -20*x + 46. Determine h(-7).
186
Let u(d) = -8213*d + 3. Calculate u(0).
3
Let f(u) = u**3 + 9*u**2 + 15*u + 62. Determine f(-8).
6
Let w(s) = 13*s**2 - 352*s - 26. Determine w(27).
-53
Let g(z) = -z**2 - 26*z + 19. What is g(-27)?
-8
Let y(p) = 2*p + 136. Give y(-112).
-88
Let y(o) = o**3 - 12*o**2 + 34*o - 15. Calculate y(8).
1
Let a(m) = -8881*m + 3. What is a(0)?
3
Let x(r) = r**2 + 39*r - 32. Determine x(-8).
-280
Let l(i) = 68*i + 737. What is l(-11)?
-11
Let v(t) = t**3 - 66*t**2 - 75*t + 331. Determine v(67).
-205
Let h(y) = y**3 + 19*y**2 - 47*y - 4. Calculate h(-21).
101
Let n(j) = j**3 + 11*j**2 - 37*j - 395. Give n(-6).
7
Let m(i) = 12*i - 328. What is m(8)?
-232
Let g(h) = h**3 - 71*h**2 - 143*h + 5117. Calculate g(72).
5
Let g(y) = 2*y**2 + 63*y + 182. Determine g(-28).
-14
Let z(s) = -s + 136. Determine z(-18).
154
Let b(o) = -1775*o + 163303. Calculate b(92).
3
Let x(f) = -8*f + 70. What is x(-7)?
126
Let h(s) = -8*s**2 + 33*s + 171. What is h(-8)?
-605
Let y(r) = -r**2 + 37*r + 331. Determine y(44).
23
Let h(p) = -37*p**2 - 1370*p - 19. Determine h(-37).
18
Let u(q) = -q**2 - 13*q - 40. Calculate u(-10).
-10
Let j(u) = 133*u + 2020. Give j(-15).
25
Let l(f) = -3*f**2 + 245*f - 3825. Determine l(21).
-3
Let v(y) = 11*y**3 + 11*y**2 + 15*y + 3. Calculate v(-1).
-12
Let k(o) = o**3 - 4*o**2 + 3*o + 62. Calculate k(0).
62
Let y(w) = -183*w**2 - 4*w - 7. Calculate y(-1).
-186
Let f(l) = -l**2 + 21*l + 143. Calculate f(28).
-53
Let h(o) = o**3 - 7*o**2 + 18*o - 78. Give h(7).
48
Let w(q) = q**3 - 10*q**2 - 6*q + 2. Determine w(12).
218
Let g(t) = -t**3 + 31*t**2 - 55*t - 47. Calculate g(29).
40
Let a(x) = -x**2 + 658*x + 2659. What is a(-4)?
11
Let z(u) = -u**3 - 11*u**2 + 7*u + 16. Calculate z(7).
-817
Let l(w) = -w**3 + 60*w**2 - 173*w + 111. What is l(57)?
-3
Let o(s) = -47*s + 2161. Calculate o(46).
-1
Let d(b) = 2*b**2 + 8*b - 347. What is d(16)?
293
Let z(b) = -7*b**2 + 345*b + 989. Determine z(52).
1
Let o(u) = -212*u + 1939. Calculate o(9).
31
Let i(o) = 2*o**2 - 18*o - 35. Determine i(13).
69
Let n(p) = -p**3 + 85*p**2 + 3*p - 267. Determine n(85).
-12
Let i(d) = -1050*d + 6316. Give i(6).
16
Let u(y) = 2*y**2 + 73*y - 70. Determine u(-38).
44
Let k(b) = 7*b**3 - 4*b**2 + 3. Calculate k(2).
43
Let t(d) = d**2 + 21*d + 53. Calculate t(-4).
-15
Let t(n) = -57*n - 412. What is t(-7)?
-13
Let n(v) = -14*v + 26. Give n(-2).
54
Let d(n) = -4470*n + 26803. Give d(6).
-17
Let p(d) = d**2 - 234*d - 2431. Give p(-10).
9
Let t(j) = 894*j + 17025. Determine t(-19).
39
Let f(b) = 2678*b - 10703. Give f(4).
9
Let q(p) = 57023*p - 57035. Give q(1).
-12
Let i(t) = 3*t**2 - 16*t - 98. Determine i(9).
1
Let p(l) = -l**2 - 63*l + 1248. Determine p(17).
-112
Let o(n) = n + 71. Determine o(-40).
31
Let s(h) = -h**3 + 13*h**2 + 13*h + 9. Give s(-2).
43
Let z(u) = u**3 + 13*u**2 + 28*u + 14. What is z(-10)?
34
Let n(r) = 222*r + 4436. Give n(-20).
-4
Let r(h) = h**3 + 13*h**2 - h - 60. Determine r(-13).
-47
Let l(z) = 3*z**2 - 82*z - 17. What is l(27)?
-44
Let b(d) = 1661*d - 8305. What is b(5)?
0
Let k(s) = -s**2 - 136*s - 1903. Calculate k(-16).
17
Let z(f) = -5*f**3 + f**2 - 425*f + 425. Determine z(1).
-4
Let a(f) = -f**2 - 14*f + 2350. What is a(42)?
-2
Let v(n) = 15*n**2 + 167*n + 174. What is v(-10)?
4
Let h(p) = -17*p - 137. Determine h(-8).
-1
Let y(t) = 3*t**3 - 40*t**2 - 9*t + 281. Calculate y(13).
-5
Let n(k) = 12*k + 534. Give n(-42).
30
Let f(b) = b**3 + 13*b**2 - 11*b - 20. Determine f(-13).
123
Let q(g) = -2*g**3 - 198*g**2 + 3*g + 260. What is q(-99)?
-37
Let n(m) = 83*m**3 + 4*m**2 + 2*m. Calculate n(1).
89
Let r(a) = a**2 + 373*a + 3641. Determine r(-10).
11
Let c(p) = p**2 - 169*p + 7112. Calculate c(79).
2
Let v(g) = 2*g**3 - 215*g**2 + 327*g - 948. Calculate v(106).
6
Let m(u) = -257*u - 71713. Determine m(-279).
-10
Let c(a) = a**3 - 37*a - 21. Calculate c(-7).
-105
Let c(o) = 585*o + 4141. Give c(-7).
46
Let m(l) = 9*l**3 - 10*l**2 + 104*l - 220. What is m(2)?
20
Let n(y) = -115*y - 7. Determine n(2).
-237
Let q(a) = 21*a**3 + 2*a**2 + a + 1. Calculate q(-1).
-19
Let j(i) = 114*i**2 + 811*i + 81. Determine j(-7).
-10
Let v(w) = 2*w**2 + 43*w - 244. What is v(-26)?
-10
Let t(z) = 2*z**3 - 2*z**2 + 11*z + 55. Determine t(-4).
-149
Let y(i) = i**3 - i**2 - 13*i + 8. Give y(4).
4
Let n(o) = o**3 + 26*o**2 - 43*o + 342. Give n(-28).
-22
Let s(i) = -3*i**2 - 193*i - 82. Determine s(-64).
-18
Let d(r) = 893*r - 6132. Give d(7).
119
Let n(w) = w**3 - 5*w**2 - 19*w + 84. Determine n(7).
49
Let c(g) = -7*g**3 - 57*g**2 - 58*g - 59. Calculate c(-7).
-45
Let c(b) = 3*b**3 + 23*b**2 + 32*b + 6. Calculate c(-6).
-6
Let d(a) = a**3 + 24*a**2 + 72*a + 168. Determine d(-21).
-21
Let l(n) = 4*n**2 + 80*n + 249. Give l(-15).
-51
Let m(t) = -82*t**2 + 54*t + 151. Determine m(-3).
-749
Let y(k) = -36*k + 12. Give y(2).
-60
Let s(h) = -300*h - 4194. Determine s(-14).
6
Let k(p) = 3*p**3 + 24*p**2 + 5*p + 8. Give k(-7).
120
Let h(q) = -11*q - 27. Determine h(-1).
-16
Let o(k) = -2*k**2 + 59*k + 714. Give o(-10).
-76
Let w(k) = -2*k**3 + 78*k**2 + 336*k + 345. Calculate w(43).
1
Let z(b) = -107*b - 314. Determine z(-3).
7
Let k(o) = -241*o + 3713. Give k(15).
98
Let o(k) = -58*k - 122. Determine o(-4).
110
Let p(o) = 3*o**2 - 333*o - 1379. Calculate p(115).
1
Let v(s) = -4*s**2 + 42*s - 10. Give v(10).
10
Let o(d) = -d**2 + 3*d + 16. What is o(8)?
-24
Let b(z) = -z**3 + 4*z**2 - 3*z - 9. Give b(7).
-177
Let q(y) = -y**2 + 657*y + 1979. Determine q(-3).
-1
Let t(j) = -j**3 - 15*j**2 + 17*j - 11. Determine t(-16).
-27
Let y(r) = 120*r + 1205. Calculate y(-6).
485
Let s(r) = 3*r**2 - 23*r + 12. Determine s(8).
20
Let t(o) = 617*o + 5590. Determine t(-9).
37
Let g(q) = -2*q**3 - 106*q**2 + 108*q - 25. Give g(-54).
-25
Let y(r) = 209*r**2 - 35*r - 36. Determine y(-1).
208
Let b(m) = m**2 - 80*m + 37. What is b(80)?
37
Let t(a) = a**2 - 5*a - 298. What is t(-18)?
116
Let y(m) = 5*m**3 + 33*m**2 - 16*m - 25. Give y(-7).
-11
Let g(y) = 26*y**2 + 69*y - 27. What is g(-3)?
0
Let h(l) = -57*l + 2698. Give h(48).
-38
Let r(y) = -9*y**3 + 92*y**2 - 15*y - 48. Give r(10).
2
Let r(w) = -359*w - 1420. Determ